{"id":1110,"date":"2020-12-02T08:29:01","date_gmt":"2020-12-02T08:29:01","guid":{"rendered":"https:\/\/www.besteticselection.com\/particulares\/?page_id=1110"},"modified":"2021-08-03T11:54:16","modified_gmt":"2021-08-03T11:54:16","slug":"politica-de-cookies","status":"publish","type":"page","link":"https:\/\/besteticselection.com\/particulares\/politica-de-cookies\/","title":{"rendered":"Pol\u00edtica de Cookies"},"content":{"rendered":"<h4>\u00bfQue\u0301 son las cookies?<\/h4>\n<p>Las cookies son archivos que se pueden descargar en su equipo a trave\u0301s de las pa\u0301ginas web. Son herramientas que tienen un papel esencial para la prestacio\u0301n de numerosos servicios de la sociedad de la informacio\u0301n. Entre otros, permiten a una pa\u0301gina web almacenar y recuperar informacio\u0301n sobre los ha\u0301bitos de navegacio\u0301n de un usuario o de su equipo y, dependiendo de la informacio\u0301n obtenida, se pueden utilizar para reconocer al usuario y mejorar el servicio ofrecido.<\/p>\n<h4>Tipos de cookies<\/h4>\n<p>Segu\u0301n quien sea la entidad que gestione el dominio desde donde se envi\u0301an las cookies y trate los datos que se obtengan se pueden distinguir dos tipos:<\/p>\n<ul>\n<li>Cookies propias: aque\u0301llas que se envi\u0301an al equipo terminal del usuario desde un equipo o dominio gestionado por el propio editor y desde el que se presta el servicio solicitado por el usuario.<\/li>\n<li>Cookies de terceros: aque\u0301llas que se envi\u0301an al equipo terminal del usuario desde un equipo o dominio que no es gestionado por el editor, sino por otra entidad que trata los datos obtenidos trave\u0301s de las cookies.<\/li>\n<\/ul>\n<p>En el caso de que las cookies sean instaladas desde un equipo o dominio gestionado por el propio editor pero la informacio\u0301n que se recoja mediante e\u0301stas sea gestionada por un tercero, no pueden ser consideradas como cookies propias.<br \/>\nExiste tambie\u0301n una segunda clasificacio\u0301n segu\u0301n el plazo de tiempo que permanecen almacenadas en el navegador del cliente, pudiendo tratarse de:<\/p>\n<ul>\n<li>Cookies de sesio\u0301n: disen\u0303adas para recabar y almacenar datos mientras el usuario accede a una pa\u0301gina web. Se suelen emplear para almacenar informacio\u0301n que solo interesa conservar para la prestacio\u0301n del servicio solicitado por el usuario en una sola ocasio\u0301n (p.e. una lista de productos adquiridos).<\/li>\n<li>Cookies persistentes: los datos siguen almacenados en el terminal y pueden ser accedidos y tratados durante un periodo definido por el responsable de la cookie, y que puede ir de unos minutos a varios an\u0303os.<\/li>\n<\/ul>\n<p>&nbsp;<\/p>\n<p>Por u\u0301ltimo, existe otra clasificacio\u0301n con cinco tipos de cookies segu\u0301n la finalidad para la que se traten los datos obtenidos:<\/p>\n<ul>\n<li>Cookies te\u0301cnicas: aquellas que permiten al usuario la navegacio\u0301n a trave\u0301s de una pa\u0301gina web, plataforma o aplicacio\u0301n y la utilizacio\u0301n de las diferentes opciones o servicios que en ella existan como, por ejemplo, controlar el tra\u0301fico y la comunicacio\u0301n de datos, identificar la sesio\u0301n, acceder a partes de acceso restringido, recordar los elementos que integran un pedido, realizar el proceso de compra de un pedido, realizar la solicitud de inscripcio\u0301n o participacio\u0301n en un evento, utilizar elementos de seguridad durante la navegacio\u0301n, almacenar contenidos para la difusio\u0301n de vi\u0301deos o sonido o compartir contenidos a trave\u0301s de redes sociales.<\/li>\n<li>Cookies de personalizacio\u0301n: permiten al usuario acceder al servicio con algunas caracteri\u0301sticas de cara\u0301cter general predefinidas en funcio\u0301n de una serie de criterios en el terminal del usuario como por ejemplo serian el idioma, el tipo de navegador a trave\u0301s del cual accede al servicio, la configuracio\u0301n regional desde donde accede al servicio, etc.<\/li>\n<li>Cookies de ana\u0301lisis: permiten al responsable de las mismas, el seguimiento y ana\u0301lisis del comportamiento de los usuarios de los sitios web a los que esta\u0301n vinculadas. La informacio\u0301n recogida mediante este tipo de cookies se utiliza en la medicio\u0301n de la actividad de los sitios web, aplicacio\u0301n o plataforma y para la elaboracio\u0301n de perfiles de navegacio\u0301n de los usuarios de dichos sitios, aplicaciones y plataformas, con el fin de introducir mejoras en funcio\u0301n del ana\u0301lisis de los datos de uso que hacen los usuarios del servicio.<\/li>\n<li>Cookies publicitarias: permiten la gestio\u0301n, de la forma ma\u0301s eficaz posible, de los espacios publicitarios.<\/li>\n<li>Cookies de publicidad comportamental: almacenan informacio\u0301n del comportamiento de los usuarios obtenida a trave\u0301s de la observacio\u0301n continuada de sus ha\u0301bitos de navegacio\u0301n, lo que permite desarrollar un perfil especi\u0301fico para mostrar publicidad en funcio\u0301n del mismo.<\/li>\n<li>Cookies de redes sociales externas: se utilizan para que los visitantes puedan interactuar con el contenido de diferentes plataformas sociales (facebook, youtube, twitter, linkedIn, etc..) y que se generen u\u0301nicamente para los usuarios de dichas redes sociales. Las condiciones de utilizacio\u0301n de estas cookies y la informacio\u0301n recopilada se regula por la poli\u0301tica de privacidad de la plataforma social correspondiente.<\/li>\n<\/ul>\n<p>&nbsp;<\/p>\n<h4>Desactivacio\u0301n y eliminacio\u0301n de cookies<\/h4>\n<p>Tienes la opcio\u0301n de permitir, bloquear o eliminar las cookies instaladas en tu equipo mediante la configuracio\u0301n de las opciones del navegador instalado en su equipo. Al desactivar cookies, algunos de los servicios disponibles podri\u0301an dejar de estar operativos. La forma de deshabilitar las cookies es diferente para cada navegador, pero normalmente puede hacerse desde el menu\u0301 Herramientas u Opciones. Tambie\u0301n puede consultarse el menu\u0301 de Ayuda del navegador do\u0301nde puedes encontrar instrucciones. El usuario podra\u0301 en cualquier momento elegir que\u0301 cookies quiere que funcionen en este sitio web.<\/p>\n<p><strong>Puede usted permitir, bloquear o eliminar las cookies instaladas en su equipo mediante la configuracio\u0301n de las opciones del navegador instalado en su ordenador:<\/strong><\/p>\n<p>Firefox: http:\/\/support.mozilla.org\/es\/kb\/habilitar-y-deshabilitar-cookies-que-los-sitios-we<br \/>\nChrome:http:\/\/support.google.com\/chrome\/bin\/answer.py?hl=es&amp;answer=95647<br \/>\nInternetExplorer:https:\/\/support.microsoft.com\/es-es\/help\/278835\/how-to-delete-cookie-<\/p>\n<p>files-in-internet-explorer<br \/>\nMicrosoft Edge: https:\/\/support.microsoft.com\/es-es\/help\/4468242\/microsoft-edge-<\/p>\n<p>browsing-data-and-privacy-microsoft-privacy<br \/>\nSafari:http:\/\/support.apple.com\/kb\/ph5042<br \/>\nOpera:http:\/\/help.opera.com\/Windows\/11.50\/es-ES\/cookies.html<br \/>\nOtros navegadores: consulte la documentacio\u0301n del navegador que tenga instalado.<\/p>\n<p>&nbsp;<\/p>\n<p>Adema\u0301s, tambie\u0301n puede gestionar el almace\u0301n de cookies en su navegador a trave\u0301s de herramientas como las siguientes<\/p>\n<p>&nbsp;<\/p>\n<h4>\u00bfQuie\u0301n utiliza las cookies en esta pa\u0301gina web?<\/h4>\n<p>La identificacio\u0301n de quie\u0301n utiliza las cookies, el tipo de cookies utilizadas y dema\u0301s detalles, se indica a continuacio\u0301n:<\/p>\n<p>&nbsp;<\/p>\n<p><strong>Cookies Propias<\/strong>:<\/p>\n<ul>\n<li><u>Cookies funcionales\/t\u00e9cnicas<\/u>: Necesarias para mostrar correctamente la p\u00e1gina web y garantizar el correcto funcionamiento del sitio. Te permiten navegar en nuestro sitio web y utilizar las diferentes opciones o servicios que tiene. Con ellas podemos, por ejemplo, controlar el tr\u00e1fico y la comunicaci\u00f3n de datos, identificarte durante la sesi\u00f3n, darte acceso a partes de acceso restringido, y utilizar elementos de seguridad durante tu navegaci\u00f3n.<\/li>\n<\/ul>\n<table style=\"height: 257px;\" width=\"900\">\n<tbody>\n<tr>\n<td width=\"123\"><\/td>\n<td width=\"112\">Nombre Cookie<\/td>\n<td width=\"82\">Duraci\u00f3n<\/td>\n<td width=\"193\">Finalidad<\/td>\n<td width=\"87\">Tipo<\/td>\n<\/tr>\n<tr>\n<td width=\"123\"><\/td>\n<td width=\"112\">Cookie_notice_accepted<\/td>\n<td width=\"82\">1 mes<\/td>\n<td width=\"193\">Recuerda la aceptaci\u00f3n de cookies por el usuario<\/td>\n<td width=\"87\">Funcional<\/td>\n<\/tr>\n<tr>\n<td width=\"123\"><\/td>\n<td width=\"112\">devicePixel ratio<\/td>\n<td width=\"82\">1 mes<\/td>\n<td width=\"193\">Identifica la resoluci\u00f3n de la pantalla del usuario para mejorar la presentaci\u00f3n de contenidos<\/td>\n<td width=\"87\">Funcional<\/td>\n<\/tr>\n<\/tbody>\n<\/table>\n<p>&nbsp;<\/p>\n<p><strong>Cookies de Terceros:<\/strong><\/p>\n<p>Son cookies administradas y controladas por Terceros, con la finalidad de realizar proporcionar funcionalidades, realizar an\u00e1lisis de navegaci\u00f3n, personalizaci\u00f3n de la navegaci\u00f3n y b\u00fasquedas, as\u00ed como publicidad ajena.<\/p>\n<ul>\n<li><u>Cookies funcionales\/t\u00e9cnicas<\/u>: Te permiten navegar a trav\u00e9s de nuestra p\u00e1gina, utilizando las diferentes opciones o servicios que te ofrecemos como, por ejemplo, compartir contenidos a trav\u00e9s de redes sociales, acceder a nuestra ubicaci\u00f3n a trav\u00e9s de Google Maps.<\/li>\n<\/ul>\n<p>&nbsp;<\/p>\n<table style=\"height: 172px;\" width=\"807\">\n<tbody>\n<tr>\n<td width=\"226\">Tercero Propietario<\/td>\n<td width=\"293\">Informaci\u00f3n sobre el uso y finalidad<\/td>\n<\/tr>\n<tr>\n<td width=\"226\">Google<\/td>\n<td width=\"293\"><a href=\"http:\/\/www.google.com\/intl\/es\/policies\/privacy\/\">http:\/\/www.google.com\/intl\/es\/policies\/privacy\/<\/a><\/td>\n<\/tr>\n<tr>\n<td colspan=\"2\" width=\"519\">HSID, SIDCC, SID, que son cookies funcionales y permiten identificar si un usuario est\u00e1 logeado con su cuenta de Google, teniendo una duraci\u00f3n entre 3 meses y 2 a\u00f1os<\/td>\n<\/tr>\n<\/tbody>\n<\/table>\n<p>&nbsp;<\/p>\n<ul>\n<li><u>Cookies Anal\u00edticas<\/u>: Se utilizan cookies anal\u00edticas del Servicio de Google Analytics, para analizar el comportamiento de los usuarios de forma agregada y an\u00f3nima incluyendo el n\u00famero de visitantes a la web y a diferentes p\u00e1ginas internas, la procedencia de las visita, d\u00eda y hora. En la p\u00e1gina web se ha activado la anonimizaci\u00f3n IP, y Google \u00fanicamente usar\u00e1 la informaci\u00f3n para evaluar el uso de la p\u00e1gina web, recopilando informes de actividad, pero no podr\u00e1n ser usados para combinar otros datos que el servicio de Google Analytics o Google dispongan.<\/li>\n<\/ul>\n<p>&nbsp;<\/p>\n<table style=\"height: 242px;\" width=\"916\">\n<tbody>\n<tr>\n<td width=\"84\"><\/td>\n<td width=\"76\">Nombre<\/td>\n<td width=\"66\">Duraci\u00f3n<\/td>\n<td width=\"312\">Finalidad<\/td>\n<td width=\"59\">Tipo<\/td>\n<\/tr>\n<tr>\n<td width=\"84\"><\/td>\n<td width=\"76\">_ga<\/td>\n<td width=\"66\">2 a\u00f1os<\/td>\n<td width=\"312\">Registra una identificaci\u00f3n \u00fanica que se utiliza para generar datos estad\u00edsticos acerca de c\u00f3mo utiliza el visitante la p\u00e1gina web<\/td>\n<td width=\"59\">Anal\u00edtica<\/td>\n<\/tr>\n<tr>\n<td width=\"84\"><\/td>\n<td width=\"76\">_gid<\/td>\n<td width=\"66\">1 dia<\/td>\n<td width=\"312\">Registra una identificaci\u00f3n \u00fanica que se utiliza para generar datos estad\u00edsticos acerca de c\u00f3mo utiliza el visitante la p\u00e1gina web<\/td>\n<td width=\"59\">Anal\u00edtica<\/td>\n<\/tr>\n<\/tbody>\n<\/table>\n<p>&nbsp;<\/p>\n<p>&nbsp;<\/p>\n","protected":false},"excerpt":{"rendered":"<p>\u00bfQue\u0301 son las cookies? Las cookies son archivos que se [&hellip;]<\/p>\n","protected":false},"author":4,"featured_media":0,"parent":0,"menu_order":0,"comment_status":"closed","ping_status":"closed","template":"","meta":{"_joinchat":[],"footnotes":""},"class_list":["post-1110","page","type-page","status-publish","hentry"],"yoast_head":"<!-- This site is optimized with the Yoast SEO plugin v20.0 - https:\/\/yoast.com\/wordpress\/plugins\/seo\/ -->\n<title>Pol\u00edtica de Cookies - BeStetic Selection<\/title>\n<meta name=\"robots\" content=\"index, follow, max-snippet:-1, max-image-preview:large, max-video-preview:-1\" \/>\n<link rel=\"canonical\" href=\"https:\/\/besteticselection.com\/particulares\/politica-de-cookies\/\" \/>\n<meta property=\"og:locale\" content=\"es_ES\" \/>\n<meta property=\"og:type\" content=\"article\" \/>\n<meta property=\"og:title\" content=\"Pol\u00edtica de Cookies - BeStetic Selection\" \/>\n<meta property=\"og:description\" content=\"\u00bfQue\u0301 son las cookies? Las cookies son archivos que se [&hellip;]\" \/>\n<meta property=\"og:url\" content=\"https:\/\/besteticselection.com\/particulares\/politica-de-cookies\/\" \/>\n<meta property=\"og:site_name\" content=\"BeStetic Selection\" \/>\n<meta property=\"article:modified_time\" content=\"2021-08-03T11:54:16+00:00\" \/>\n<meta name=\"twitter:card\" content=\"summary_large_image\" \/>\n<meta name=\"twitter:label1\" content=\"Tiempo de lectura\" \/>\n\t<meta name=\"twitter:data1\" content=\"7 minutos\" \/>\n<script type=\"application\/ld+json\" class=\"yoast-schema-graph\">{\"@context\":\"https:\/\/schema.org\",\"@graph\":[{\"@type\":\"WebPage\",\"@id\":\"https:\/\/besteticselection.com\/particulares\/politica-de-cookies\/\",\"url\":\"https:\/\/besteticselection.com\/particulares\/politica-de-cookies\/\",\"name\":\"Pol\u00edtica de Cookies - BeStetic Selection\",\"isPartOf\":{\"@id\":\"https:\/\/besteticselection.com\/particulares\/#website\"},\"datePublished\":\"2020-12-02T08:29:01+00:00\",\"dateModified\":\"2021-08-03T11:54:16+00:00\",\"inLanguage\":\"es\",\"potentialAction\":[{\"@type\":\"ReadAction\",\"target\":[\"https:\/\/besteticselection.com\/particulares\/politica-de-cookies\/\"]}]},{\"@type\":\"WebSite\",\"@id\":\"https:\/\/besteticselection.com\/particulares\/#website\",\"url\":\"https:\/\/besteticselection.com\/particulares\/\",\"name\":\"BeStetic Selection\",\"description\":\"BeStetic Selection\",\"potentialAction\":[{\"@type\":\"SearchAction\",\"target\":{\"@type\":\"EntryPoint\",\"urlTemplate\":\"https:\/\/besteticselection.com\/particulares\/?s={search_term_string}\"},\"query-input\":\"required name=search_term_string\"}],\"inLanguage\":\"es\"}]}<\/script>\n<!-- \/ Yoast SEO plugin. -->","yoast_head_json":{"title":"Pol\u00edtica de Cookies - BeStetic Selection","robots":{"index":"index","follow":"follow","max-snippet":"max-snippet:-1","max-image-preview":"max-image-preview:large","max-video-preview":"max-video-preview:-1"},"canonical":"https:\/\/besteticselection.com\/particulares\/politica-de-cookies\/","og_locale":"es_ES","og_type":"article","og_title":"Pol\u00edtica de Cookies - BeStetic Selection","og_description":"\u00bfQue\u0301 son las cookies? Las cookies son archivos que se [&hellip;]","og_url":"https:\/\/besteticselection.com\/particulares\/politica-de-cookies\/","og_site_name":"BeStetic Selection","article_modified_time":"2021-08-03T11:54:16+00:00","twitter_card":"summary_large_image","twitter_misc":{"Tiempo de lectura":"7 minutos"},"schema":{"@context":"https:\/\/schema.org","@graph":[{"@type":"WebPage","@id":"https:\/\/besteticselection.com\/particulares\/politica-de-cookies\/","url":"https:\/\/besteticselection.com\/particulares\/politica-de-cookies\/","name":"Pol\u00edtica de Cookies - BeStetic Selection","isPartOf":{"@id":"https:\/\/besteticselection.com\/particulares\/#website"},"datePublished":"2020-12-02T08:29:01+00:00","dateModified":"2021-08-03T11:54:16+00:00","inLanguage":"es","potentialAction":[{"@type":"ReadAction","target":["https:\/\/besteticselection.com\/particulares\/politica-de-cookies\/"]}]},{"@type":"WebSite","@id":"https:\/\/besteticselection.com\/particulares\/#website","url":"https:\/\/besteticselection.com\/particulares\/","name":"BeStetic Selection","description":"BeStetic Selection","potentialAction":[{"@type":"SearchAction","target":{"@type":"EntryPoint","urlTemplate":"https:\/\/besteticselection.com\/particulares\/?s={search_term_string}"},"query-input":"required name=search_term_string"}],"inLanguage":"es"}]}},"_links":{"self":[{"href":"https:\/\/besteticselection.com\/particulares\/wp-json\/wp\/v2\/pages\/1110","targetHints":{"allow":["GET"]}}],"collection":[{"href":"https:\/\/besteticselection.com\/particulares\/wp-json\/wp\/v2\/pages"}],"about":[{"href":"https:\/\/besteticselection.com\/particulares\/wp-json\/wp\/v2\/types\/page"}],"author":[{"embeddable":true,"href":"https:\/\/besteticselection.com\/particulares\/wp-json\/wp\/v2\/users\/4"}],"replies":[{"embeddable":true,"href":"https:\/\/besteticselection.com\/particulares\/wp-json\/wp\/v2\/comments?post=1110"}],"version-history":[{"count":3,"href":"https:\/\/besteticselection.com\/particulares\/wp-json\/wp\/v2\/pages\/1110\/revisions"}],"predecessor-version":[{"id":1625,"href":"https:\/\/besteticselection.com\/particulares\/wp-json\/wp\/v2\/pages\/1110\/revisions\/1625"}],"wp:attachment":[{"href":"https:\/\/besteticselection.com\/particulares\/wp-json\/wp\/v2\/media?parent=1110"}],"curies":[{"name":"wp","href":"https:\/\/api.w.org\/{rel}","templated":true}]}}